ulate the greatest common factor of 75 and c.
15
Let z be 2/(-4) - 6*18/(-8). Suppose -709 + 2489 = 4*v. Suppose -4*u + v = -u - 4*o, o = -u + 139. What is the greatest common factor of u and z?
13
Suppose 2*d = -4*i + 32, 4*d + i = 7*d - 41. Suppose 0 = -6*b + b + 560. What is the greatest common factor of b and d?
14
Let z(k) = -k + 9. Let w be z(4). Let x(a) = 2*a**2 + a - 5. Let g be x(w). Calculate the highest common factor of 25 and g.
25
Let y = 9 + 7. Suppose -y + 18 = b. Let t = 0 + 18. Calculate the greatest common factor of t and b.
2
Let w(g) = 65*g + 5. Let i be w(3). Suppose 4*d = -d + i. Suppose -4*s = -3*f + 19 - 62, 5 = -5*f. What is the greatest common divisor of s and d?
10
Let t = 1004 + -759. What is the highest common divisor of 147 and t?
49
Let m(q) = q + 2. Let d be m(-2). Suppose 2*f - 76 = -5*l - d*f, 3*l = -5*f + 57. Let x be -2*2/(-1) + 24. Calculate the greatest common divisor of x and l.
14
Let h(a) = -a**3 - 7*a**2 + 9*a - 7. Let n be h(-8). Let b be (n/9)/5*0. Suppose 3*p + 2*p - 630 = b. What is the greatest common factor of 14 and p?
14
Let c = 5 + -25. Let q be ((-8)/c)/((-2)/10). Let f be ((-19)/q)/((-2)/(-4)). What is the highest common factor of f and 38?
19
Suppose 9*l = -25 + 187. Let j be 0*3/9 + -1. Let o be 35*2 + 3 + j. Calculate the highest common divisor of o and l.
18
Suppose -25 = 5*a, -2*a - 2*a = 5*v - 310. Let x = 106 - v. What is the highest common factor of x and 16?
8
Let n be (-9*(4 + -2))/(4/(-14)). What is the greatest common factor of n and 42?
21
Suppose 5*v = 4*w - 556, 3*w + 2*v + 146 = 563. Let f = -123 + w. Calculate the greatest common divisor of f and 32.
16
Let r = 17 - -7. Let p be (3/(-4))/((-2)/r). Let t be (-20)/8*(5 - 7) + 94. Calculate the highest common factor of t and p.
9
Let u = -1 + 2. Let n(v) = 2*v - 9. Let i be n(7). Suppose i*o + 7 = 12. Calculate the highest common divisor of u and o.
1
Let z(m) = 18*m**2 - 9*m - 120. Let s be z(-7). What is the greatest common factor of s and 75?
75
Let d = -28 - -49. Let w(z) = z**3 - 4*z**2 - 2*z - 4. Let l be w(7). Suppose d - l = -g. What is the highest common divisor of 12 and g?
12
Let o be (-7653)/(-12) + -1 - (-1)/4. What is the highest common factor of 98 and o?
49
Suppose 804 = 3*r + 2*r - 3*w, -4*r - 2*w + 652 = 0. Calculate the greatest common divisor of 18 and r.
18
Let y = -10 - -22. Suppose -d - 4*j = -0*j + y, d - 5*j - 15 = 0. Suppose d = -4*l - 0*l + 660. What is the highest common factor of 15 and l?
15
Suppose 0*y - 660 = -15*y. What is the highest common factor of y and 231?
11
Let z = 51 + 13. Suppose 2*y - 7*y = o + 153, 0 = -2*y + o - 57. Let x be (-3)/(y/(-8))*-10. What is the greatest common factor of x and z?
8
Suppose 0 = 10*g - 7*g + 5*y - 55, -5*y + 25 = 0. Calculate the greatest common divisor of g and 610.
10
Let v be (1 - (-6 + -1)) + 1 - -3. Suppose -28 - 37 = 5*k. Let r = 21 + k. What is the highest common divisor of r and v?
4
Suppose 22039 + 1123 = 164*s + 1842. Let i(w) = w**3 - 4*w**2 - 2*w - 2. Let f be i(5). What is the greatest common factor of s and f?
13
Let i(c) be the second derivative of 5*c**4/12 - 5*c**3/6 + 2*c**2 - 11*c. Let x be i(6). What is the highest common divisor of 22 and x?
22
Let j be (-2)/5 - 42/(-5). Suppose 0*x + 3 = r + x, -r - 3*x = -5. Suppose 5 = r*l + 1. Calculate the highest common factor of l and j.
2
Let q = 462 + -423. Calculate the highest common divisor of q and 65.
13
Suppose 3*d = -2*u + 1228, 18*u - 17*u - 592 = 4*d. Calculate the greatest common divisor of 19 and u.
19
Suppose 0 = 4*v - 155 + 15. Suppose 0 = 2*o + f - v, -2*o + o + 4*f = -22. What is the greatest common factor of o and 36?
18
Let z be 311 + 9 - (-2 + 6). Suppose -z = -8*y + 76. What is the highest common divisor of y and 7?
7
Suppose -8*a + 21 = -a. Suppose -445 = -4*d - a*c + 2*c, 3*d + 2*c - 335 = 0. What is the greatest common divisor of d and 37?
37
Suppose k - 5*g - 29 = 0, 3*k - 2*g = -g + 17. Suppose -35 = -k*n + 105. Suppose 4*u + u - n = 0. Calculate the highest common factor of 56 and u.
7
Suppose 2*h + 186 = 8*h. Let x(f) = 28 + h - 48 + f. Let n be x(10). What is the highest common divisor of n and 7?
7
Let a be 25 - 24 - (-15 - 0). Let g(y) = -y**3 - 7*y**2 - 7*y - 2. Let i be g(-6). What is the greatest common factor of i and a?
4
Suppose -q - 7 = 5*j, -12 - 7 = -3*q + 5*j. Let h = -21 - -36. What is the highest common divisor of q and h?
3
Let d = -7 - -12. Suppose -257 = -d*k + 3*v, -5*v + 3 + 2 = 0. What is the greatest common divisor of k and 364?
52
Let n be (-4 + (-3)/3)*(-8)/20. What is the highest common divisor of n and 3?
1
Suppose 33 + 3 = -4*y + 4*b, -5*b = -5. Let s be (-30)/(-4)*y/(-12). Suppose -g + s*g = 60. Calculate the greatest common factor of g and 120.
15
Suppose 16 = 3*r - 2. Calculate the greatest common factor of r and 22.
2
Let u = 83 - 44. Suppose -3341 + 2821 = -10*c. Calculate the greatest common divisor of c and u.
13
Let f be ((-340)/15)/((-268)/(-276) + -1). Calculate the greatest common divisor of f and 34.
34
Let g = -34 + 94. Calculate the highest common divisor of 12 and g.
12
Let o = 356 - 176. Let j = -59 + o. Calculate the highest common divisor of j and 11.
11
Let t(m) = -m**3 + 3*m**2 - 1. Let b = -62 - -64. Let c be t(b). Calculate the highest common factor of c and 24.
3
Let j(r) be the second derivative of r**4/12 + r**3/6 - 4*r**2 + 3*r. Let w be j(4). Calculate the greatest common divisor of w and 84.
12
Let u be 9 - (0 + (1 - 0)). Let y(b) = -b**2 + 5*b + 4. Let m be y(4). Calculate the highest common divisor of m and u.
8
Suppose -10*k + 9*k + 8 = 0. Let y = k - -1. Suppose 3*o + y = 4*o. What is the highest common divisor of 36 and o?
9
Let z be (-1 - 1)/8 + 1296/64. What is the greatest common factor of 580 and z?
20
Let w be 4/22 - (-4)/(-22). Let k be 57 + (-1*2 - w). Let m be -5*12/(-15) - -2*9. Calculate the highest common factor of k and m.
11
Suppose -4*u - 5*u = -405. Let m = -9 - -11. Suppose 5*z - 54 = m*z. Calculate the greatest common divisor of u and z.
9
Let n(l) = -l**2 + 7*l - 5. Let y be n(5). Suppose 0 = y*k - 2*k - 3. Let h = 22 - k. What is the greatest common factor of 42 and h?
21
Let o = -4538 - -7420. Calculate the highest common divisor of o and 22.
22
Let p(w) = -9*w + 248. Let q be p(0). What is the highest common factor of q and 8?
8
Suppose -5*m + p + 270 = 0, -165*m = -166*m - 4*p + 33. Suppose r + 2*x - 167 = 0, 5*r + 2*x = -0*x + 803. What is the greatest common divisor of m and r?
53
Suppose -8*f + 499 = -717. What is the greatest common factor of f and 95?
19
Let z(c) = -2*c + 97. Let k be z(29). What is the highest common divisor of 3 and k?
3
Suppose 174*l = 169*l + 175. What is the greatest common factor of 1015 and l?
35
Let p(d) = 2*d**3 + 76*d**2 - 77*d + 121. Let a be p(-39). What is the highest common factor of 287 and a?
41
Suppose 5*i = -2*r + 90, -3*i + 206 = 5*r - 0*r. Let v = -22 + r. What is the highest common divisor of 45 and v?
9
Suppose v - 1571 = -5*u, 3*u + v - 445 = 496. Calculate the highest common factor of 175 and u.
35
Let z(a) = -369*a - 25. Let b be z(-1). Calculate the greatest common factor of b and 258.
86
Let g(b) = 6*b + 208. Let m be g(-33). Let a be (-2 + 0)/(-2) - -3. Calculate the highest common divisor of a and m.
2
Let r(n) = -n**3 + 6*n**2 + 8*n - 6. Let j be r(7). Let i be j*(96/4 - -2). Let u = i + -13. Calculate the highest common factor of 26 and u.
13
Suppose r + 2*n - 5 = 1, -2*n = -5*r + 30. Calculate the greatest common divisor of 6 and r.
6
Let y be 6/(-33) - (-72)/33. Suppose 26 = 4*k + 5*r, -3*k + 5 = -y*k + 2*r. Let w = 31 - k. What is the highest common factor of 2 and w?
2
Let b be (-46)/(-437) + (-1138)/(-19). What is the highest common factor of b and 48?
12
Suppose 0 = -5*o + 5*a + 45, -2*o - 3*a - 3 = 2*a. Suppose 3*t = o*t + w - 68, 2*t + w - 44 = 0. Calculate the greatest common factor of 96 and t.
24
Let u = 320 - 242. What is the highest common factor of u and 858?
78
Let h = -795 - -1335. What is the highest common factor of 72 and h?
36
Let i be 666/72 + (-2)/8 + -5. Suppose 73 = 4*o + 5*j, 0*j + 39 = 2*o + 3*j. Suppose o + 20 = i*a. What is the highest common divisor of 4 and a?
4
Let p(a) = -a**3 - 14*a**2 - 12*a + 18. 